 Calculate the greatest common factor of o and 59.
59
Let q = -4 - -7. Let k = 16 - -8. Calculate the highest common divisor of q and k.
3
Let l = -4 + 6. Suppose 0*p - p + 9 = h, 0 = l*h + 3*p - 22. Suppose 0 = -z + h*z - 68. What is the greatest common factor of 187 and z?
17
Let z(q) = 24*q + 124. Let t be z(-5). Calculate the greatest common divisor of t and 22.
2
Let j = 19 + -10. Let b = -220 + 531. Suppose -2*w - b = -5*h, 0 = -0*h - 5*h - 4*w + 323. Calculate the greatest common factor of h and j.
9
Suppose 0 = 5*j + 5. Let u be 20*j*(-2)/4. Let a = -3 + u. What is the highest common factor of 56 and a?
7
Let x(z) = 2*z**2 - 9*z + 6. Let j be x(6). Suppose 6*p - 12*p - 126 = 0. Let y be (4/10)/((p/60)/(-7)). Calculate the highest common divisor of j and y.
8
Let t be ((-2)/4*3)/((-1)/10). What is the greatest common divisor of 20 and t?
5
Let r(s) be the first derivative of s**4/4 + 2*s**3 - s**2 - 5*s + 13. Let m be r(-6). Suppose m*p - 96 = p. What is the greatest common divisor of p and 8?
8
Suppose 2207 = 5*o - 2*q - 255, -5*q = -4*o + 1956. Calculate the highest common divisor of 26 and o.
26
Let m = 4560 - 2650. What is the greatest common divisor of 10 and m?
10
Let q(i) = -61*i + 25. Let l be q(0). What is the greatest common factor of l and 1525?
25
Let m be ((-5)/10*2)/(-1). Let x be (-6*5/(-3))/m. Calculate the highest common factor of 110 and x.
10
Let f be 92/3 + 2/6. Suppose 36*x - 6*x - 60 = 0. Let w be (f + 3 + -6)*x. Calculate the highest common divisor of 8 and w.
8
Suppose 92 = 8*y - 172. What is the greatest common divisor of y and 1419?
33
Suppose 5*u + 6*g - 607 = 4*g, -609 = -5*u - 4*g. Suppose -h = 4*c + 9, -2*h + 51*c - 47*c = -42. What is the highest common factor of u and h?
11
Let l be (-1 + 40)*10/6. Let c = 104 - 106. Let w be (-3 - -2)*(7*c + 1). What is the greatest common divisor of l and w?
13
Let g = 2734 + -2564. What is the greatest common divisor of g and 2890?
170
Let k(x) = 47*x - 88. Let q be k(3). What is the greatest common divisor of q and 477?
53
Let a be 0 + (33 - -2) - 0/19. What is the highest common factor of 25 and a?
5
Let h be (8/40 + -7)*-5 - -5. What is the greatest common divisor of 351 and h?
39
Suppose -19 = -x + 4. Let y be -2*(-4 + (-1990)/20). What is the greatest common factor of x and y?
23
Let m(l) = -1. Let h(b) = b**2 - 9*b + 7. Let a(n) = h(n) - m(n). Let o be a(9). Let y = -119 + 175. What is the greatest common divisor of o and y?
8
Let k = 1035 - 913. What is the highest common divisor of 427 and k?
61
Suppose 2*k = 3*k - 3, 5*u - 2*k = 59. Suppose 0 = s + s - 4*d - 122, -2*d = 4*s - 234. Suppose -3*n - 20 = -s. What is the highest common divisor of u and n?
13
Let w = -680 - -785. What is the highest common divisor of 285 and w?
15
Let m be 2/7*273/(-39) + 302. What is the highest common factor of 675 and m?
75
Suppose -b = -3*b + 20. Suppose -3*l = -q - 49 - b, -3*l - 4*q + 34 = 0. What is the highest common divisor of l and 9?
9
Suppose -4*d + 174 = -2*g, d + 0*d + 4*g - 30 = 0. Calculate the highest common divisor of d and 6.
6
Let b(a) = -4*a + a - 6*a - a**2 + 6 + a. Let d be b(-4). Calculate the greatest common factor of 88 and d.
22
Let n = -228 + 276. What is the greatest common factor of n and 216?
24
Suppose 0 = -2*u + 614 + 30. Calculate the highest common factor of 14 and u.
14
Suppose 3*h - 15 = 0, 16*s - 14*s - h = 199. Calculate the highest common divisor of s and 459.
51
Let y be (-708)/(-30) + (-9)/15. Suppose 64 - 317 = -y*i. Suppose 0*h + b + 368 = 3*h, h - b = 126. Calculate the greatest common divisor of h and i.
11
Let x be ((-138)/4)/(38/(-76)). Calculate the greatest common divisor of 115 and x.
23
Let q = -68 - -92. What is the greatest common divisor of 24 and q?
24
Let o be (-3)/6 + (-53)/2. Let w be (-6)/(-2)*(-198)/o. What is the highest common divisor of 198 and w?
22
Suppose -19*w + 5 = -33. Let i(q) = -3*q + 6. Let x be i(4). Let b = 8 + x. What is the highest common factor of w and b?
2
Suppose 0*a = 2*a - 16. Suppose 5*x + 5*f + 1105 = 0, 119 + 114 = -x + 3*f. Let r be x/(-12)*(1 + 2). Calculate the highest common divisor of a and r.
8
Suppose 185 = 6*p + 23. Suppose -4*j + 18 = 2*m, 4*m = -j + 23 + 13. Calculate the highest common factor of p and m.
9
Let d = 199 - 74. Let x(z) = z**3 + 2*z**2 + z + 2. Let i be x(3). What is the highest common divisor of i and d?
25
Let j(x) = -x + 9. Let z be j(10). Let k be (0 - -2)/1 - z. Let l be (-17)/(-2)*6/k. Calculate the greatest common divisor of 68 and l.
17
Let f be 4/5*15/2. Let p(s) = 22*s - 176. Let u be p(11). What is the greatest common divisor of u and f?
6
Suppose 106 = 3*k - 26*r + 21*r, -3*k + 110 = -4*r. What is the greatest common divisor of k and 14?
14
Suppose -2*b - 4*b - 54 = 0. Let g be (-2)/b - (-2860)/90. What is the highest common divisor of 16 and g?
16
Let z be 15/((-150)/(-40)) + -1 + 53. Calculate the highest common divisor of z and 8.
8
Let k be -32*(4 - (-26)/(-4)). What is the highest common divisor of 380 and k?
20
Let u = 4 - -3. Suppose -3*c + u*c = 4. Calculate the highest common factor of c and 3.
1
Let s(q) be the third derivative of q**4/24 + 2*q**3 + 26*q**2. Let l be s(-11). Calculate the greatest common divisor of l and 8.
1
Let m(c) = c**2 - 2*c - 45. Let y(a) = -a - 1. Let f(r) = m(r) - 4*y(r). Let x be f(0). Let n = 96 + x. What is the greatest common divisor of 5 and n?
5
Let a = -20 + 24. Suppose -c = -2*c + a. Calculate the greatest common divisor of c and 12.
4
Let f be (26/(-5))/((-1)/5). Let i(r) = -14*r**3 - 4*r**2 - 6*r - 4. Let y be i(-2). What is the greatest common factor of f and y?
26
Let b be (-1)/8*-4 - (-6095)/10. Calculate the greatest common divisor of 10 and b.
10
Suppose 94*i - 266 = 1426. What is the greatest common factor of i and 1494?
18
Let i be (-4)/(-10) + (-26)/(-10). Suppose -328 = -33*v + 29*v. Suppose i*h - 278 = v. Calculate the highest common divisor of 15 and h.
15
Let u(i) = 13*i - 6. Let p be u(4). Let t(d) = 18*d - 1. Let a be t(1). Let h = a - -6. What is the greatest common factor of p and h?
23
Suppose r - 1063 = t, -2*r - 29*t + 27*t = -2138. Calculate the highest common divisor of 164 and r.
82
Suppose 4*p + 2*f - 10 - 84 = 0, 0 = 5*p - 2*f - 122. Let c = -220 + 120. Let q = 160 + c. Calculate the greatest common divisor of q and p.
12
Suppose 3*y - 64 = 5*c, 7*y - 2*c - 76 = 3*y. What is the highest common factor of 495 and y?
9
Suppose 2*r = -3 - 5. Let s be 2/r + 333/2. Let k = s + -58. What is the greatest common factor of 27 and k?
27
Let q = 1693 + -758. What is the greatest common divisor of 22 and q?
11
Let y = -196 - -346. Let f(u) = -u**3 - 2*u**2 - 39*u - 158. Let g be f(-4). Calculate the greatest common factor of g and y.
30
Suppose 0*i + i - 24 = -3*z, 2*z + 44 = i. Suppose -r = 3*a - 96, -2*a - 266 = -13*r + 10*r. Calculate the greatest common factor of i and r.
18
Let g(n) = 3*n**2 - 9*n - 107. Let w be g(-6). What is the greatest common divisor of w and 33?
11
Let g(v) = 11*v**2 - 2*v - 35. Let d be g(-7). What is the highest common factor of 296 and d?
74
Let c(i) = i**2 + 3*i + 4. Let d be 20/(-8) - (-5)/(-10). Let j be c(d). Let z = 4 + 2. What is the greatest common divisor of j and z?
2
Let p(j) = -57*j + 1. Let u be p(-5). Let m(l) = -l**3 + 4*l**2 + 2*l + 18. Let b be m(4). What is the greatest common factor of u and b?
26
Let k = -111 + 114. Suppose 3*a = -a + j + 91, 2*a + k*j = 49. What is the highest common factor of 23 and a?
23
Let q be 4*(-1)/4 + 33 + 0. What is the greatest common divisor of q and 176?
16
Let m(z) = z**2 - 17*z + 7. Suppose 5*o = 5*w + 75, 2*w + 0*w = 4. Let v be m(o). What is the greatest common factor of v and 7?
7
Suppose 0 = 9*b - 13*b + 144. Suppose -4*h = b - 92. Calculate the highest common factor of h and 35.
7
Let h be (-1 + -24)/((-2)/10). Calculate the highest common divisor of 10 and h.
5
Let h = 2 - 2. Suppose -2*b + 6*b - 16 = h. Let r(q) = 15*q**2 + q - 2. Let a be r(b). Calculate the highest common divisor of 22 and a.
22
Let s be (29 - (8 - 4))/(-2 - -3). Let g be (-24)/(-10) + (-10)/s - -18. What is the highest common divisor of 100 and g?
20
Let d = 175 - 144. Calculate the greatest common divisor of 124 and d.
31
Let g = -27 + 20. Let 